1?
4
What is the units digit of 703144?
4
What is the thousands digit of 1088529?
8
What is the tens digit of 6671367?
6
What is the hundreds digit of 754019?
0
What is the units digit of 968193?
3
What is the hundred thousands digit of 7410107?
4
What is the tens digit of 214997?
9
What is the ten thousands digit of 415203?
1
What is the units digit of 132720?
0
What is the thousands digit of 2340?
2
What is the hundred thousands digit of 406900?
4
What is the millions digit of 4238678?
4
What is the units digit of 3153065?
5
What is the hundred thousands digit of 8483358?
4
What is the ten thousands digit of 323355?
2
What is the millions digit of 4067998?
4
What is the units digit of 93075?
5
What is the thousands digit of 10644939?
4
What is the hundreds digit of 31538?
5
What is the ten thousands digit of 686261?
8
What is the ten thousands digit of 121546?
2
What is the thousands digit of 593964?
3
What is the tens digit of 2743287?
8
What is the hundred thousands digit of 516549?
5
What is the hundreds digit of 18470196?
1
What is the hundred thousands digit of 337972?
3
What is the tens digit of 156624?
2
What is the hundreds digit of 6802242?
2
What is the tens digit of 1012248?
4
What is the ten thousands digit of 10146399?
4
What is the hundred thousands digit of 288719?
2
What is the units digit of 6069290?
0
What is the millions digit of 1692241?
1
What is the hundred thousands digit of 521867?
5
What is the ten millions digit of 29278027?
2
What is the millions digit of 4762800?
4
What is the tens digit of 627839?
3
What is the millions digit of 28559011?
8
What is the thousands digit of 169318?
9
What is the hundreds digit of 121206?
2
What is the tens digit of 237881?
8
What is the millions digit of 2062087?
2
What is the thousands digit of 2222874?
2
What is the units digit of 99737?
7
What is the millions digit of 2466773?
2
What is the hundred thousands digit of 328598?
3
What is the ten thousands digit of 13152156?
5
What is the hundreds digit of 14310?
3
What is the ten thousands digit of 276431?
7
What is the units digit of 2032384?
4
What is the ten thousands digit of 7833947?
3
What is the hundreds digit of 104704?
7
What is the millions digit of 16478455?
6
What is the hundreds digit of 127847?
8
What is the tens digit of 7194814?
1
What is the ten thousands digit of 16537?
1
What is the tens digit of 5202543?
4
What is the tens digit of 12382803?
0
What is the units digit of 2182523?
3
What is the ten thousands digit of 67983?
6
What is the thousands digit of 688405?
8
What is the hundreds digit of 2038873?
8
What is the millions digit of 1607993?
1
What is the thousands digit of 2538845?
8
What is the units digit of 1686362?
2
What is the thousands digit of 248123?
8
What is the units digit of 1809821?
1
What is the ten thousands digit of 5097128?
9
What is the thousands digit of 473448?
3
What is the hundreds digit of 19708473?
4
What is the units digit of 13355324?
4
What is the ten thousands digit of 2870082?
7
What is the tens digit of 2973737?
3
What is the hundreds digit of 435759?
7
What is the thousands digit of 27777201?
7
What is the hundreds digit of 88746?
7
What is the tens digit of 620704?
0
What is the millions digit of 39219926?
9
What is the ten millions digit of 11786873?
1
What is the hundred thousands digit of 513471?
5
What is the hundreds digit of 29137?
1
What is the hundred thousands digit of 3986985?
9
What is the hundred thousands digit of 979313?
9
What is the ten thousands digit of 494039?
9
What is the millions digit of 5277645?
5
What is the millions digit of 1806694?
1
What is the thousands digit of 18089399?
9
What is the thousands digit of 10088819?
8
What is the hundreds digit of 3679020?
0
What is the units digit of 16999811?
1
What is the ten thousands digit of 2541643?
4
What is the units digit of 9828144?
4
What is the ten thousands digit of 19640806?
4
What is the hundreds digit of 7925108?
1
What is the hundreds digit of 5468964?
9
What is the hundreds digit of 331185?
1
What is the millions digit of 3971163?
3
What is the millions digit of 17551215?
7
What is the units digit of 101035?
5
What is the tens digit of 2372363?
6
What is the tens digit of 95841?
4
What is the hundred thousands digit of 2045246?
0
What is the hundreds digit of 5290405?
4
What is the hundred thousands digit of 1566061?
5
What is the ten thousands digit of 102576?
0
What is the units digit of 1043254?
4
What is the hundreds digit of 21291?
2
What is the ten thousands digit of 1631548?
3
What is the millions digit of 1023955?
1
What is the hundred thousands digit of 725974?
7
What is the ten thousands digit of 9939183?
3
What is the ten thousands digit of 267606?
6
What is the hundreds digit of 164814?
8
What is the tens digit of 5421766?
6
What is the hundred thousands digit of 3796906?
7
What is the hundreds digit of 620176?
1
What is the units digit of 4943545?
5
What is the ten thousands digit of 94863?
9
What is the thousands digit of 106562?
6
What is the hundred thousands digit of 9525758?
5
What is the hundred thousands digit of 3411201?
4
What is the units digit of 21809606?
6
What is the thousands digit of 2801373?
1
What is the thousands digit of 82413?
2
What is the units digit of 22979570?
0
What is the millions digit of 7974102?
7
What is the ten thousands digit of 1150690?
5
What is the hundreds digit of 5252842?
8
What is the tens digit of 75232?
3
What is the hundreds digit of 8383532?
5
What is the hundreds digit of 13749954?
9
What is the ten millions digit of 17315542?
1
What is the hundreds digit of 128960?
9
What is the ten thousands digit of 1505582?
0
What is the tens digit of 209035?
3
What is the units digit of 361412?
2
What is the hundreds digit of 2356826?
8
What is the units digit of 1662667?
7
What is the thousands digit of 411682?
1
What is the hundred thousands digit of 5450642?
4
What is the hundred thousands digit of 21189539?
1
What is the tens digit of 26068236?
3
What is the ten thousands digit of 6134087?
3
What is the hundred thousands digit of 3694158?
6
What is the thousands digit of 1234711?
4
What is the hundred thousands digit of 14596903?
5
What is the hundred thousands digit of 230121?
2
What is the units digit of 204899?
9
What is the hundreds digit of 951022?
0
What is the tens digit of 1855603?
0
What is the thousands digit of 7817574?
7
What is the units digit of 684299?
9
What is the millions digit of 1643845?
1
What is the units digit of 75552?
2
What is the ten thousands digit of 2170767?
7
What is the hundreds digit of 27868604?
6
What is the millions digit of 5915040?
5
What is the units digit of 466769?
9
What is the tens digit of 11444514?
1
What is the hundreds digit of 1062735?
7
What is the thousands digit of 180837?
0
What is the millions digit of 3221266?
3
What is the tens digit of 44034?
3
What is the ten thousands digit of 2023304?
2
What is the tens digit of 684417?
1
What is the units digit of 207083?
3
What is the hundreds digit of 5428056?
0
What is the hundred thousands digit of 706725?
7
What is the tens digit of 405450?
5
What is the hundred thousands digit of 2494511?
4
What is the tens digit of 225341?
4
What is the ten thousands digit of 11371?
1
What is the hundred thousands digit of 2932355?
9
What is the millions digit of 20575964?
0
What is the units digit of 3584543?
3
What is the units digit of 1436403?
3
What is the ten thousands digit of 478704?
7
What is the hundreds digit of 608258?
2
What is the tens digit of 3563556?
5
What is the units digit of 44587?
7
What is the thousands digit of 27870339?
0
What is the thousands digit of 342367?
2
What is the thousands digit of 17506264?
6
What is the tens digit of 326426?
2
What is the hundreds digit of 614806?
8
What is the hundred thousands digit of 10144959?
1
What is the millions digit of 1873760?
1
What is the hundred thousands digit of 220859?
2
What is the ten thousands digit of 960876?
6
What is the thousands digit of 173160?
3
What is the hundreds digit of 2592076?
0
What is the hundreds digit of 2650408?
4
What is the tens digit of 2610524?
2
What is the hundred thousands digit of 2209240?
2
What is the units digit of 2179120?
0
What is the hundreds digit of 222